Let k be q(r). Calculate the greatest common factor of k and 10.
10
Let h be (-4*3/15)/(24/(-540)). Let g = 43 + -31. What is the highest common divisor of h and g?
6
Suppose -2*p = p. Suppose 14*x - 15*x + 378 = p. What is the greatest common factor of 54 and x?
54
Let b be (-14)/(-10) + 8/(-20). Suppose -118*u = -81*u - 148. What is the highest common factor of b and u?
1
Suppose 4*f = -4 + 68. What is the greatest common factor of 62 and f?
2
Let m = -12 + 14. Suppose -2*j - 77 + 7 = -5*a, -m*a = -j - 27. Calculate the greatest common divisor of a and 64.
16
Suppose y = 2*y + 88. Suppose 0 = -116*m + 120*m + 48. Let p be (-2)/6 + y/m. What is the greatest common divisor of 77 and p?
7
Let u = 45 - 23. Let g(w) = 3*w + 50. Let v be g(-14). Let n be v/(-3)*(-231)/u. Calculate the greatest common divisor of n and 4.
4
Let d be (-2 + (-4)/2)*(-20)/16. Let t(n) = -n**3 + 9*n**2 - 17*n + 4. Let m be t(d). What is the highest common factor of m and 133?
19
Let x = -26 - -32. Suppose u + 12 = -4*c, c + c + x = 3*u. Suppose u = -2*k + 5*k - 72. Calculate the highest common divisor of 6 and k.
6
Let o(u) = -u**2 - 19*u - 30. Let z be o(-7). Calculate the highest common divisor of 27 and z.
27
Let y(f) = 2*f**2 + 28*f - 75. Let c be y(-17). Calculate the greatest common divisor of 108 and c.
27
Suppose 15*r = -12*r + 1944. What is the highest common factor of 72 and r?
72
Let o(i) = 3*i. Let l be o(10). Suppose g + 0*y = 5*y + l, 32 = 2*g + 4*y. Let n = -7 + 11. What is the greatest common divisor of g and n?
4
Suppose -151 = -4*s + 257. What is the highest common factor of 34 and s?
34
Let x be 8 + (-16 - -13)/(3/(-8)). Suppose 0 = p - 5*p + 704. Calculate the highest common divisor of p and x.
16
Let z be (-93)/(-2 + (-1)/(-1)). Let r = -64 + z. Calculate the highest common divisor of 319 and r.
29
Let c(x) = -x + 4. Let i be c(3). Let p be 0 + (i - 4) + -195. Let g = p + 288. What is the highest common divisor of g and 36?
18
Let q(c) = c**3 - 29*c**2 + 29*c + 3. Let a be q(28). What is the highest common divisor of 4 and a?
1
Suppose 13*b = -4*b + 1207. Calculate the greatest common factor of 639 and b.
71
Let q = 1005 + -951. What is the greatest common factor of q and 612?
18
Suppose -4*w + 148 = 4. Let d = 118 + w. Calculate the greatest common factor of 22 and d.
22
Suppose 0 = -3*f + 3*g + 453, 3*f + 6*g - 3*g = 483. Calculate the highest common factor of f and 12.
12
Suppose -v = -8*v + 105. Calculate the greatest common factor of 36 and v.
3
Let i be 3/2 - 2/4. Let g be 12*(i - (-3)/(-6)). Suppose -4*a + 22 = 2*q, 5*q - 2*a = -7*a + 35. What is the highest common divisor of q and g?
3
Suppose -64 = 17*n - 22*n + 2*m, 3*m = 9. Let r(i) = 12*i - 3. Let h be r(2). Calculate the highest common factor of n and h.
7
Suppose -4*l = 4*t + t - 1, 4*t + 28 = 4*l. Suppose 5*y - 436 = -5*w - 156, -5*w + 298 = -l*y. Calculate the greatest common divisor of w and 58.
58
Let z = 146 - 141. Suppose 0 = z*h - 7*h + 4, 0 = -3*r - 2*h + 49. Suppose 0 = 4*j - 8, a = 6*j - j - 7. What is the highest common factor of a and r?
3
Let d be ((-1)/(-1))/((-44)/(-2332)). Calculate the highest common divisor of 424 and d.
53
Let v(n) = -6*n**3 - 2*n**2 + 4*n. Let w be v(-3). Suppose 0 = -4*b + 4*m + 100, -4*m - w = -5*b - 5. What is the highest common factor of 45 and b?
9
Suppose -225 + 33 = -6*y. What is the highest common divisor of y and 1504?
32
Let j be 36/4 - (-608)/8. What is the highest common factor of 10 and j?
5
Suppose -2 = -z - 0*d + 2*d, 0 = -2*z + 5*d + 1. Let a(c) = -27*c - 3. Let o be a(-1). Suppose 24 = 3*y - o. Calculate the highest common divisor of z and y.
8
Let d be ((-60)/(-8) + -8)*-18. What is the greatest common divisor of d and 7?
1
Suppose 0 = -2*i + 3*m + 50 - 5, 5*i - 75 = -5*m. Let y(k) = 15*k**3 + 2*k**2 - 2. Let q be y(2). What is the greatest common factor of i and q?
18
Let m = 17 - 17. Suppose 0 = -2*q + 6 - m, 3*x + 4*q - 24 = 0. What is the highest common divisor of 1 and x?
1
Let x(a) = 12*a + 61. Let h be x(-8). Let y = h + 50. Calculate the greatest common factor of 75 and y.
15
Suppose 20 = 4*k + 4*o, -5*k + 19 = 3*o - 0*o. Let f be 6 + 4/8*k. What is the highest common factor of f and 7?
7
Let n(l) = -135*l**3 + l**2 - 2*l - 2. Let m be n(-1). What is the greatest common factor of m and 16?
8
Let p be 64/(-12) - 2/3. Let l be -2 - -2*(-15)/p. Let w = 6 - -12. Calculate the greatest common factor of l and w.
3
Suppose 11*i - 14*i + 10 = 5*a, -5*a + 10 = i. What is the highest common factor of a and 6?
2
Suppose -4*c - 435 = -7*c. Suppose c = 5*q + 3*t + 2*t, -4*q + 112 = 2*t. What is the greatest common divisor of 18 and q?
9
Let j be (1 - -1) + (-24)/(-2). Suppose 0 = -3*u - j - 61. Let f = -18 - u. What is the highest common divisor of f and 35?
7
Suppose -4*m - m = -660. Suppose 4*y - y + 78 = 0. Let p = 38 + y. Calculate the greatest common factor of p and m.
12
Let x be (-4)/32 - 50/(-16). Suppose x*o = 35 + 28. Let s be 364/(-39)*3/(-2). Calculate the highest common divisor of o and s.
7
Let q = 117 + -22. What is the greatest common factor of q and 5?
5
Let n(i) = i**2 - 18*i - 57. Let f be n(-4). Suppose 0 = -3*s + 2*s + 15. Let b = f - s. Calculate the highest common divisor of b and 4.
4
Let b = -3 - -3. Suppose b = 2*n - h - 28, 0*h = -2*h + 8. Let g(v) = -v**2 - 3*v + 40. Let y be g(0). Calculate the highest common divisor of n and y.
8
Let i(l) = 18*l - 21. Let o be i(4). What is the greatest common factor of 34 and o?
17
Let o(g) = 7*g + 748. Let b be o(-77). Calculate the greatest common divisor of 133 and b.
19
Suppose j + 14 = 12, 103 = 3*i - 5*j. Calculate the highest common factor of i and 155.
31
Let q = 901 - 872. Let h be 260 + (-1)/(-2 - -1). Calculate the greatest common factor of q and h.
29
Suppose -10*f - 84 = -12*f. What is the greatest common divisor of f and 56?
14
Let n(b) = -b**3 + 8*b**2 + 21*b + 24. Let s be n(10). What is the greatest common divisor of s and 442?
34
Let k be ((-3)/(-8))/(59/472). Calculate the greatest common divisor of 3 and k.
3
Let a = 1078 - 907. What is the highest common divisor of 152 and a?
19
Let q = 19 + -3. Let a(i) = -i**3 + 11*i**2 + 2*i + 9. Let n be a(11). Suppose n + 1 = r. What is the greatest common divisor of q and r?
16
Let h = 314 + -214. Let w(j) = -2*j + 10. Let r be w(4). Suppose -5*y + 127 - r = 0. What is the greatest common factor of y and h?
25
Let a = -4 - -7. Suppose a = -3*r + 15, -y + r = -51. Let i(w) = w**2 - 2*w + 2. Let g be i(3). Calculate the greatest common factor of g and y.
5
Let g = -4 - -6. Suppose g*v - 7 + 61 = 2*x, -3*v = -x + 37. Suppose -49*r = -45*r - 220. Calculate the highest common divisor of x and r.
11
Suppose -137 = -4*o - 2*z - 43, 120 = 5*o + 3*z. Calculate the greatest common factor of 525 and o.
21
Suppose 3*k + 2*k - 15 = 0. Suppose -19 + 2 = -k*m - 5*w, w - 21 = -5*m. Suppose -m*g = -23 - 21. What is the greatest common divisor of g and 99?
11
Suppose 203 = -2*y - 1. Let b = -87 - y. What is the highest common divisor of b and 3?
3
Let z(p) = 3*p - 248. Let n be z(0). Let v be (-1)/((-246)/n + -1). What is the highest common factor of v and 31?
31
Let o = -352 + 717. What is the highest common divisor of 5 and o?
5
Let h(y) = 4*y**2 - 66*y - 94. Let l be h(18). Calculate the highest common divisor of l and 2926.
14
Let l = -319 + 329. What is the highest common factor of 170 and l?
10
Let g = -1926 + 2022. What is the highest common divisor of g and 42?
6
Suppose -4*i = -2*i - 2*h - 36, -4*i + 2*h + 66 = 0. What is the highest common factor of 285 and i?
15
Let b be (-3965)/(-20) - (1 + 0)/4. What is the greatest common divisor of b and 88?
22
Let o = 96 + -90. Let c be ((-6)/(-7))/(4/(60 - 4)). Calculate the greatest common factor of c and o.
6
Suppose -4*q = 4*h, -2*q = -2*h + 3 + 5. Let g = 12 - 7. Suppose -20 - 26 = -3*z - 4*w, 40 = 2*z + g*w. What is the greatest common divisor of z and h?
2
Let s(c) = c**3 + 7*c**2 + 9. Let f be s(-7). Suppose 3 = -y + 8. Suppose -210 = -y*h + 5*n, -2*n - 3*n = -15. What is the greatest common factor of f and h?
9
Let b = -535 - -580. Calculate the greatest common divisor of 15 and b.
15
Suppose 0 = x - 0*l + 3*l + 7, 16 = -4*l. Suppose 4*n = -x*v + 7, -n - 12 = -2*v - 4